emainder when 30828705 is divided by 313.
83
Calculate the remainder when 191212 is divided by 629.
625
Calculate the remainder when 722562 is divided by 54.
42
Calculate the remainder when 161301065 is divided by 191115.
5
Calculate the remainder when 993680 is divided by 892.
884
What is the remainder when 3130890 is divided by 3607?
14
What is the remainder when 20136394 is divided by 1484?
1482
Calculate the remainder when 306242 is divided by 10207.
32
Calculate the remainder when 414914 is divided by 4665.
4394
Calculate the remainder when 13938793 is divided by 3887.
11
Calculate the remainder when 12743238 is divided by 7.
4
Calculate the remainder when 752953 is divided by 94119.
1
What is the remainder when 77534757 is divided by 120?
117
Calculate the remainder when 236507 is divided by 12445.
52
Calculate the remainder when 78792 is divided by 699.
504
Calculate the remainder when 2820471 is divided by 535.
486
Calculate the remainder when 28156 is divided by 9328.
172
What is the remainder when 18349 is divided by 1345?
864
What is the remainder when 2419289 is divided by 152?
57
What is the remainder when 542247 is divided by 196?
111
Calculate the remainder when 13833781 is divided by 1328.
5
What is the remainder when 593373550 is divided by 12?
10
Calculate the remainder when 321148 is divided by 106198.
2554
What is the remainder when 5893207 is divided by 722?
243
Calculate the remainder when 1021751 is divided by 242.
27
What is the remainder when 20183 is divided by 1277?
1028
What is the remainder when 93172 is divided by 23220?
292
Calculate the remainder when 1518840 is divided by 136.
128
Calculate the remainder when 56550 is divided by 5652.
30
What is the remainder when 1547218 is divided by 63?
1
Calculate the remainder when 282648 is divided by 5195.
2118
Calculate the remainder when 6420813 is divided by 25.
13
What is the remainder when 3064626 is divided by 306462?
6
What is the remainder when 428098773 is divided by 5523?
5520
What is the remainder when 118444 is divided by 126?
4
Calculate the remainder when 216621 is divided by 196.
41
What is the remainder when 484319 is divided by 60288?
2015
What is the remainder when 820932 is divided by 2149?
14
Calculate the remainder when 47564973 is divided by 24.
21
Calculate the remainder when 22526593 is divided by 5.
3
What is the remainder when 8184456 is divided by 97434?
0
What is the remainder when 2586419 is divided by 143?
121
What is the remainder when 13203981 is divided by 6601985?
11
What is the remainder when 656551 is divided by 1954?
7
Calculate the remainder when 730232 is divided by 121528.
1064
What is the remainder when 2562030 is divided by 284624?
414
Calculate the remainder when 60114573 is divided by 1896.
1893
Calculate the remainder when 20173459 is divided by 20.
19
What is the remainder when 695756 is divided by 296?
156
What is the remainder when 9183389 is divided by 4591684?
21
What is the remainder when 2378543 is divided by 10041?
8867
Calculate the remainder when 94482 is divided by 180.
162
Calculate the remainder when 1530630 is divided by 61221.
105
What is the remainder when 2617807 is divided by 2039?
1770
Calculate the remainder when 1532609 is divided by 61302.
59
Calculate the remainder when 4682336 is divided by 18.
14
What is the remainder when 2770402 is divided by 38?
12
Calculate the remainder when 61016 is divided by 29787.
1442
Calculate the remainder when 55670 is divided by 369.
320
Calculate the remainder when 20892265 is divided by 29.
27
What is the remainder when 13381369 is divided by 1132?
1129
What is the remainder when 2446146 is divided by 1223064?
18
Calculate the remainder when 616386 is divided by 1974.
498
Calculate the remainder when 96017 is divided by 12002.
1
Calculate the remainder when 1669789 is divided by 912.
829
What is the remainder when 496443255 is divided by 13?
9
Calculate the remainder when 530918 is divided by 176958.
44
Calculate the remainder when 1049093 is divided by 5580.
53
What is the remainder when 1624144 is divided by 106?
12
What is the remainder when 41597 is divided by 12617?
3746
What is the remainder when 61453232 is divided by 37?
6
Calculate the remainder when 179097 is divided by 44771.
13
Calculate the remainder when 70813 is divided by 32.
29
What is the remainder when 1029298 is divided by 141?
139
Calculate the remainder when 1590824 is divided by 79541.
4
What is the remainder when 420273 is divided by 39?
9
Calculate the remainder when 40234673 is divided by 25.
23
What is the remainder when 535756 is divided by 132930?
4036
What is the remainder when 312531 is divided by 52035?
321
Calculate the remainder when 248144 is divided by 584.
528
Calculate the remainder when 6109076 is divided by 34.
24
Calculate the remainder when 454556 is divided by 80.
76
What is the remainder when 78758 is divided by 23?
6
Calculate the remainder when 1910293 is divided by 2063.
2018
What is the remainder when 1071148 is divided by 7706?
14
Calculate the remainder when 70670 is divided by 12334.
9000
Calculate the remainder when 56459508 is divided by 1560.
1548
What is the remainder when 11380501 is divided by 3923?
3801
What is the remainder when 2661230 is divided by 4910?
10
Calculate the remainder when 9243166 is divided by 472.
462
Calculate the remainder when 4073897 is divided by 853.
822
What is the remainder when 46008 is divided by 7072?
3576
Calculate the remainder when 92679 is divided by 92320.
359
Calculate the remainder when 14218423 is divided by 25.
23
Calculate the remainder when 766086 is divided by 33308.
2
Calculate the remainder when 1577678 is divided by 1083.
830
Calculate the remainder when 8295267 is divided by 74732.
15
Calculate the remainder when 143948688 is divided by 1568.
16
What is the remainder when 567063 is divided by 113408?
23
What is the remainder when 268589 is divided by 1918?
69
What is the remainder when 4957972 is divided by 1558?
416
Calculate the remainder when 11914660 is divided by 898.
894
Calculate the remainder when 142048 is divided by 70940.
168
What is the remainder when 6771 is divided by 1901?
1068
Calculate the remainder when 367908 is divided by 240.
228
Calculate the remainder when 1889295 is divided by 8.
7
Calculate the remainder when 308139 is divided by 646.
643
What is the remainder when 44121201 is divided by 604399?
74
What is the remainder when 65728744 is divided by 53?
52
What is the remainder when 25741395 is divided by 5148277?
10
Calculate the remainder when 6272106 is divided by 14.
8
What is the remainder when 3577820 is divided by 54?
50
What is the remainder when 2578507 is divided by 429749?
13
What is the remainder when 13689238 is divided by 164?
158
What is the remainder when 163881 is divided by 336?
249
What is the remainder when 52295727 is divided by 133?
127
Calculate the remainder when 514324 is divided by 85684.
220
What is the remainder when 705390 is divided by 1118?
1050
What is the remainder when 115667707 is divided by 3057?
3055
What is the remainder when 426056 is divided by 141833?
557
Calculate the remainder when 6638 is divided by 2035.
533
Calculate the remainder when 36453407 is divided by 505.
487
What is the remainder when 2512596 is divided by 11740?
236
What is the remainder when 233813 is divided by 1471?
1395
What is the remainder when 93479 is divided by 3517?
2037
Calculate the remainder when 114693 is divided by 1692.
1329
Calculate the remainder when 251830 is divided by 687.
388
What is the remainder when 4270534 is divided by 3616?
38
Calculate the remainder when 237148 is divided by 142.
8
What is the remainder when 587990 is divided by 2352?
2342
Calculate the remainder when 2461258 is divided by 3810.
3808
Calculate the remainder when 3753368 is divided by 60.
8
Calculate the remainder when 1018974 is divided by 56609.
12
What is the remainder when 76611156 is divided by 228690?
6
What is the remainder when 25049506 is divided by 342?
58
What is the remainder when 10003951 is divided by 5614?
5417
What is the remainder when 37799482 is divided by 256?
58
What is the remainder when 10811779 is divided by 331?
326
What is the remainder when 245809 is divided by 248